{"id":158,"date":"2019-01-02T23:33:21","date_gmt":"2019-01-03T01:33:21","guid":{"rendered":"https:\/\/funvapi.com.br\/?page_id=158"},"modified":"2019-01-21T10:36:26","modified_gmt":"2019-01-21T12:36:26","slug":"nossos-servicos","status":"publish","type":"page","link":"https:\/\/funvapi.com.br\/index.php\/nossos-servicos\/","title":{"rendered":"Nossos servi\u00e7os"},"content":{"rendered":"\t\t<div data-elementor-type=\"wp-post\" data-elementor-id=\"158\" class=\"elementor elementor-158 elementor-bc-flex-widget\">\n\t\t\t\t\t\t<section class=\"elementor-section elementor-top-section elementor-element elementor-element-f5e5382 elementor-section-boxed elementor-section-height-default elementor-section-height-default\" data-id=\"f5e5382\" data-element_type=\"section\">\n\t\t\t\t\t\t<div class=\"elementor-container elementor-column-gap-default\">\n\t\t\t\t\t<div class=\"elementor-column elementor-col-25 elementor-top-column elementor-element elementor-element-3427710\" data-id=\"3427710\" data-element_type=\"column\">\n\t\t\t<div class=\"elementor-widget-wrap elementor-element-populated\">\n\t\t\t\t\t\t<div class=\"elementor-element elementor-element-2c06a09 elementor-position-top elementor-invisible elementor-widget elementor-widget-image-box\" data-id=\"2c06a09\" data-element_type=\"widget\" data-settings=\"{&quot;_animation&quot;:&quot;fadeIn&quot;,&quot;_animation_delay&quot;:200}\" data-widget_type=\"image-box.default\">\n\t\t\t\t<div class=\"elementor-widget-container\">\n\t\t\t\t\t<div class=\"elementor-image-box-wrapper\"><figure class=\"elementor-image-box-img\"><img decoding=\"async\" src=\"https:\/\/funvapi.com.br\/wp-content\/uploads\/elementor\/thumbs\/cone-Concursos-o382vbvp3meltmxki10t5j0p5b4vyud8covngz8gi0.png\" title=\"\u00cdcone Concursos\" alt=\"\u00cdcone Concursos\" class=\"elementor-animation-grow\" loading=\"lazy\" \/><\/figure><div class=\"elementor-image-box-content\"><h3 class=\"elementor-image-box-title\">Concursos P\u00fablicos<\/h3><p class=\"elementor-image-box-description\">Com 17 anos de experi\u00eancia no ramo de concursos P\u00fablicos, a FUNVAPI disp\u00f5e de estrutura e capacidade para promover processos seletivos em todo Brasil.<\/p><\/div><\/div>\t\t\t\t<\/div>\n\t\t\t\t<\/div>\n\t\t\t\t\t<\/div>\n\t\t<\/div>\n\t\t\t\t<div class=\"elementor-column elementor-col-25 elementor-top-column elementor-element elementor-element-36a894a\" data-id=\"36a894a\" data-element_type=\"column\">\n\t\t\t<div class=\"elementor-widget-wrap elementor-element-populated\">\n\t\t\t\t\t\t<div class=\"elementor-element elementor-element-29c0a7c elementor-position-top elementor-invisible elementor-widget elementor-widget-image-box\" data-id=\"29c0a7c\" data-element_type=\"widget\" data-settings=\"{&quot;_animation&quot;:&quot;fadeIn&quot;,&quot;_animation_delay&quot;:200}\" data-widget_type=\"image-box.default\">\n\t\t\t\t<div class=\"elementor-widget-container\">\n\t\t\t\t\t<div class=\"elementor-image-box-wrapper\"><figure class=\"elementor-image-box-img\"><img fetchpriority=\"high\" decoding=\"async\" width=\"300\" height=\"300\" src=\"https:\/\/funvapi.com.br\/wp-content\/uploads\/2019\/01\/Sem-T\u00edtulo-1.png\" class=\"elementor-animation-grow attachment-full size-full wp-image-297\" alt=\"\" srcset=\"https:\/\/funvapi.com.br\/wp-content\/uploads\/2019\/01\/Sem-T\u00edtulo-1.png 300w, https:\/\/funvapi.com.br\/wp-content\/uploads\/2019\/01\/Sem-T\u00edtulo-1-150x150.png 150w, https:\/\/funvapi.com.br\/wp-content\/uploads\/2019\/01\/Sem-T\u00edtulo-1-60x60.png 60w\" sizes=\"(max-width: 300px) 100vw, 300px\" \/><\/figure><div class=\"elementor-image-box-content\"><h3 class=\"elementor-image-box-title\">Capacita\u00e7\u00e3o e Qualifica\u00e7\u00e3o Profissional<\/h3><p class=\"elementor-image-box-description\">O rendimento dos seus funcion\u00e1rios \u00e9 diretamente ligado a receita de sua empresa, invista nos seus funcion\u00e1rios.<\/p><\/div><\/div>\t\t\t\t<\/div>\n\t\t\t\t<\/div>\n\t\t\t\t\t<\/div>\n\t\t<\/div>\n\t\t\t\t<div class=\"elementor-column elementor-col-25 elementor-top-column elementor-element elementor-element-7548ace\" data-id=\"7548ace\" data-element_type=\"column\">\n\t\t\t<div class=\"elementor-widget-wrap elementor-element-populated\">\n\t\t\t\t\t\t<div class=\"elementor-element elementor-element-5331dd5 elementor-position-top elementor-invisible elementor-widget elementor-widget-image-box\" data-id=\"5331dd5\" data-element_type=\"widget\" data-settings=\"{&quot;_animation&quot;:&quot;fadeIn&quot;,&quot;_animation_delay&quot;:200}\" data-widget_type=\"image-box.default\">\n\t\t\t\t<div class=\"elementor-widget-container\">\n\t\t\t\t\t<div class=\"elementor-image-box-wrapper\"><figure class=\"elementor-image-box-img\"><img decoding=\"async\" width=\"300\" height=\"300\" src=\"https:\/\/funvapi.com.br\/wp-content\/uploads\/2019\/01\/\u00cdcone-Consultoria-Administrativa.png\" class=\"elementor-animation-grow attachment-full size-full wp-image-296\" alt=\"\" srcset=\"https:\/\/funvapi.com.br\/wp-content\/uploads\/2019\/01\/\u00cdcone-Consultoria-Administrativa.png 300w, https:\/\/funvapi.com.br\/wp-content\/uploads\/2019\/01\/\u00cdcone-Consultoria-Administrativa-150x150.png 150w, https:\/\/funvapi.com.br\/wp-content\/uploads\/2019\/01\/\u00cdcone-Consultoria-Administrativa-60x60.png 60w\" sizes=\"(max-width: 300px) 100vw, 300px\" \/><\/figure><div class=\"elementor-image-box-content\"><h3 class=\"elementor-image-box-title\">Consultoria Admistrativa<\/h3><p class=\"elementor-image-box-description\">A nossa equipe \u00e9 formada por Advogados, Administradores, Contadores e profissionais altamente capacitados para prestar a melhor consultoria para sua empresa.<\/p><\/div><\/div>\t\t\t\t<\/div>\n\t\t\t\t<\/div>\n\t\t\t\t\t<\/div>\n\t\t<\/div>\n\t\t\t\t<div class=\"elementor-column elementor-col-25 elementor-top-column elementor-element elementor-element-932b05a\" data-id=\"932b05a\" data-element_type=\"column\">\n\t\t\t<div class=\"elementor-widget-wrap elementor-element-populated\">\n\t\t\t\t\t\t<div class=\"elementor-element elementor-element-e10746a elementor-position-top elementor-invisible elementor-widget elementor-widget-image-box\" data-id=\"e10746a\" data-element_type=\"widget\" data-settings=\"{&quot;_animation&quot;:&quot;fadeIn&quot;,&quot;_animation_delay&quot;:200}\" data-widget_type=\"image-box.default\">\n\t\t\t\t<div class=\"elementor-widget-container\">\n\t\t\t\t\t<div class=\"elementor-image-box-wrapper\"><figure class=\"elementor-image-box-img\"><img decoding=\"async\" width=\"300\" height=\"300\" src=\"https:\/\/funvapi.com.br\/wp-content\/uploads\/2019\/01\/\u00cdcone-Pesquisa.png\" class=\"elementor-animation-grow attachment-full size-full wp-image-293\" alt=\"\" srcset=\"https:\/\/funvapi.com.br\/wp-content\/uploads\/2019\/01\/\u00cdcone-Pesquisa.png 300w, https:\/\/funvapi.com.br\/wp-content\/uploads\/2019\/01\/\u00cdcone-Pesquisa-150x150.png 150w, https:\/\/funvapi.com.br\/wp-content\/uploads\/2019\/01\/\u00cdcone-Pesquisa-60x60.png 60w\" sizes=\"(max-width: 300px) 100vw, 300px\" \/><\/figure><div class=\"elementor-image-box-content\"><h3 class=\"elementor-image-box-title\">Pesquisas<\/h3><p class=\"elementor-image-box-description\">O m\u00e9todo de pesquisa da FUNVAPI j\u00e1 foi amplamente testado em solo Piauiense, seja de qual ramo for, ele ser\u00e1 eficaz e demonstrativo.<\/p><\/div><\/div>\t\t\t\t<\/div>\n\t\t\t\t<\/div>\n\t\t\t\t\t<\/div>\n\t\t<\/div>\n\t\t\t\t\t<\/div>\n\t\t<\/section>\n\t\t\t\t<section class=\"elementor-section elementor-top-section elementor-element elementor-element-f9d2e08 elementor-section-boxed elementor-section-height-default elementor-section-height-default\" data-id=\"f9d2e08\" data-element_type=\"section\">\n\t\t\t\t\t\t<div class=\"elementor-container elementor-column-gap-default\">\n\t\t\t\t\t<div class=\"elementor-column elementor-col-33 elementor-top-column elementor-element elementor-element-113ed67\" data-id=\"113ed67\" data-element_type=\"column\">\n\t\t\t<div class=\"elementor-widget-wrap\">\n\t\t\t\t\t\t\t<\/div>\n\t\t<\/div>\n\t\t\t\t<div class=\"elementor-column elementor-col-33 elementor-top-column elementor-element elementor-element-114e71f\" data-id=\"114e71f\" data-element_type=\"column\">\n\t\t\t<div class=\"elementor-widget-wrap elementor-element-populated\">\n\t\t\t\t\t\t<div class=\"elementor-element elementor-element-214e372 elementor-position-top elementor-invisible elementor-widget elementor-widget-image-box\" data-id=\"214e372\" data-element_type=\"widget\" data-settings=\"{&quot;_animation&quot;:&quot;fadeIn&quot;,&quot;_animation_delay&quot;:200}\" data-widget_type=\"image-box.default\">\n\t\t\t\t<div class=\"elementor-widget-container\">\n\t\t\t\t\t<div class=\"elementor-image-box-wrapper\"><figure class=\"elementor-image-box-img\"><img loading=\"lazy\" decoding=\"async\" width=\"300\" height=\"300\" src=\"https:\/\/funvapi.com.br\/wp-content\/uploads\/2019\/01\/\u00cdcone-Consultoria-Educacional.png\" class=\"elementor-animation-grow attachment-full size-full wp-image-438\" alt=\"\" srcset=\"https:\/\/funvapi.com.br\/wp-content\/uploads\/2019\/01\/\u00cdcone-Consultoria-Educacional.png 300w, https:\/\/funvapi.com.br\/wp-content\/uploads\/2019\/01\/\u00cdcone-Consultoria-Educacional-150x150.png 150w, https:\/\/funvapi.com.br\/wp-content\/uploads\/2019\/01\/\u00cdcone-Consultoria-Educacional-60x60.png 60w\" sizes=\"(max-width: 300px) 100vw, 300px\" \/><\/figure><div class=\"elementor-image-box-content\"><h3 class=\"elementor-image-box-title\">Consultoria Educacional<\/h3><p class=\"elementor-image-box-description\">Contamos com profissionais qualificados para identificar e sanar os problemas da sua institui\u00e7\u00e3o de educa\u00e7\u00e3o.<\/p><\/div><\/div>\t\t\t\t<\/div>\n\t\t\t\t<\/div>\n\t\t\t\t\t<\/div>\n\t\t<\/div>\n\t\t\t\t<div class=\"elementor-column elementor-col-33 elementor-top-column elementor-element elementor-element-a0e4c94\" data-id=\"a0e4c94\" data-element_type=\"column\">\n\t\t\t<div class=\"elementor-widget-wrap\">\n\t\t\t\t\t\t\t<\/div>\n\t\t<\/div>\n\t\t\t\t\t<\/div>\n\t\t<\/section>\n\t\t\t\t<section class=\"elementor-section elementor-top-section elementor-element elementor-element-7537eb3 elementor-section-boxed elementor-section-height-default elementor-section-height-default\" data-id=\"7537eb3\" data-element_type=\"section\">\n\t\t\t\t\t\t<div class=\"elementor-container elementor-column-gap-default\">\n\t\t\t\t\t<div class=\"elementor-column elementor-col-100 elementor-top-column elementor-element elementor-element-4104923\" data-id=\"4104923\" data-element_type=\"column\">\n\t\t\t<div class=\"elementor-widget-wrap elementor-element-populated\">\n\t\t\t\t\t\t<div class=\"elementor-element elementor-element-55556fd elementor-widget elementor-widget-heading\" data-id=\"55556fd\" data-element_type=\"widget\" data-widget_type=\"heading.default\">\n\t\t\t\t<div class=\"elementor-widget-container\">\n\t\t\t\t\t<h2 class=\"elementor-heading-title elementor-size-default\">Entre em contato conosco:<\/h2>\t\t\t\t<\/div>\n\t\t\t\t<\/div>\n\t\t\t\t<div class=\"elementor-element elementor-element-44adc4e elementor-widget elementor-widget-shortcode\" data-id=\"44adc4e\" data-element_type=\"widget\" data-widget_type=\"shortcode.default\">\n\t\t\t\t<div class=\"elementor-widget-container\">\n\t\t\t\t\t\t\t<div class=\"elementor-shortcode\">\n<div class=\"wpcf7 no-js\" id=\"wpcf7-f305-o1\" lang=\"pt-BR\" dir=\"ltr\" data-wpcf7-id=\"305\">\n<div class=\"screen-reader-response\"><p role=\"status\" aria-live=\"polite\" aria-atomic=\"true\"><\/p> <ul><\/ul><\/div>\n<form action=\"\/index.php\/wp-json\/wp\/v2\/pages\/158#wpcf7-f305-o1\" method=\"post\" class=\"wpcf7-form init\" aria-label=\"Formul\u00e1rios de contato\" novalidate=\"novalidate\" data-status=\"init\">\n<div style=\"display: none;\">\n<input type=\"hidden\" name=\"_wpcf7\" value=\"305\" \/>\n<input type=\"hidden\" name=\"_wpcf7_version\" value=\"6.0.6\" \/>\n<input type=\"hidden\" name=\"_wpcf7_locale\" value=\"pt_BR\" \/>\n<input type=\"hidden\" name=\"_wpcf7_unit_tag\" value=\"wpcf7-f305-o1\" \/>\n<input type=\"hidden\" name=\"_wpcf7_container_post\" value=\"0\" \/>\n<input type=\"hidden\" name=\"_wpcf7_posted_data_hash\" value=\"\" \/>\n<\/div>\n<p><label> Seu nome (obrigat\u00f3rio)<br \/>\n<span class=\"wpcf7-form-control-wrap\" data-name=\"your-name\"><input size=\"40\" maxlength=\"400\" class=\"wpcf7-form-control wpcf7-text wpcf7-validates-as-required\" aria-required=\"true\" aria-invalid=\"false\" value=\"\" type=\"text\" name=\"your-name\" \/><\/span> <\/label>\n<\/p>\n<p><label> Seu e-mail (obrigat\u00f3rio)<br \/>\n<span class=\"wpcf7-form-control-wrap\" data-name=\"your-email\"><input size=\"40\" maxlength=\"400\" class=\"wpcf7-form-control wpcf7-email wpcf7-validates-as-required wpcf7-text wpcf7-validates-as-email\" aria-required=\"true\" aria-invalid=\"false\" value=\"\" type=\"email\" name=\"your-email\" \/><\/span> <\/label>\n<\/p>\n<p><label> Assunto<br \/>\n\"Contato comercial\" <\/label>\n<\/p>\n<p><label> Sua mensagem<br \/>\n<span class=\"wpcf7-form-control-wrap\" data-name=\"your-message\"><textarea cols=\"40\" rows=\"10\" maxlength=\"2000\" class=\"wpcf7-form-control wpcf7-textarea\" aria-invalid=\"false\" name=\"your-message\"><\/textarea><\/span> <\/label>\n<\/p>\n<p><input class=\"wpcf7-form-control wpcf7-submit has-spinner\" type=\"submit\" value=\"Enviar\" \/>\n<\/p><div class=\"wpcf7-response-output\" aria-hidden=\"true\"><\/div>\n<\/form>\n<\/div>\n<\/div>\n\t\t\t\t\t\t<\/div>\n\t\t\t\t<\/div>\n\t\t\t\t\t<\/div>\n\t\t<\/div>\n\t\t\t\t\t<\/div>\n\t\t<\/section>\n\t\t\t\t<\/div>\n\t\t","protected":false},"excerpt":{"rendered":"<p>Concursos P\u00fablicos Com 17 anos de experi\u00eancia no ramo de concursos P\u00fablicos, a FUNVAPI disp\u00f5e de estrutura e capacidade para promover processos seletivos em todo Brasil. Capacita\u00e7\u00e3o e Qualifica\u00e7\u00e3o Profissional O rendimento dos seus funcion\u00e1rios \u00e9 diretamente ligado a receita de sua empresa, invista nos seus funcion\u00e1rios. Consultoria Admistrativa A nossa equipe \u00e9 formada por [&hellip;]<\/p>\n","protected":false},"author":1,"featured_media":0,"parent":0,"menu_order":0,"comment_status":"closed","ping_status":"closed","template":"","meta":{"footnotes":""},"class_list":["post-158","page","type-page","status-publish","hentry"],"_links":{"self":[{"href":"https:\/\/funvapi.com.br\/index.php\/wp-json\/wp\/v2\/pages\/158"}],"collection":[{"href":"https:\/\/funvapi.com.br\/index.php\/wp-json\/wp\/v2\/pages"}],"about":[{"href":"https:\/\/funvapi.com.br\/index.php\/wp-json\/wp\/v2\/types\/page"}],"author":[{"embeddable":true,"href":"https:\/\/funvapi.com.br\/index.php\/wp-json\/wp\/v2\/users\/1"}],"replies":[{"embeddable":true,"href":"https:\/\/funvapi.com.br\/index.php\/wp-json\/wp\/v2\/comments?post=158"}],"version-history":[{"count":16,"href":"https:\/\/funvapi.com.br\/index.php\/wp-json\/wp\/v2\/pages\/158\/revisions"}],"predecessor-version":[{"id":441,"href":"https:\/\/funvapi.com.br\/index.php\/wp-json\/wp\/v2\/pages\/158\/revisions\/441"}],"wp:attachment":[{"href":"https:\/\/funvapi.com.br\/index.php\/wp-json\/wp\/v2\/media?parent=158"}],"curies":[{"name":"wp","href":"https:\/\/api.w.org\/{rel}","templated":true}]}}